{"id":149,"date":"2015-04-03T21:32:01","date_gmt":"2015-04-03T21:32:01","guid":{"rendered":"http:\/\/thomasdewildeperso.free.fr\/?page_id=149"},"modified":"2015-07-20T08:57:00","modified_gmt":"2015-07-20T08:57:00","slug":"les-outils-pour-construire-un-avion-en-kit-en-aluminium","status":"publish","type":"page","link":"http:\/\/www.flying-rv7.com\/?page_id=149","title":{"rendered":"Desciption des outils"},"content":{"rendered":"<p>Plusieurs fournisseurs aux Etats-Unis proposent des Kits d&#8217;outils (Cleaveland, Avery, Spurce, &#8230;).<br \/>\nPour ma part, j&#8217;ai achet\u00e9 tous les outils \u00e0 un particulier am\u00e9ricain qui a revendu son VANS RV-7. Il n&#8217;arrivait pas \u00e0 revendre ses outils d&#8217;occasion aux US. J&#8217;ai donc fait une bonne affaire puisqu&#8217;achet\u00e9 \u00e0 moiti\u00e9 du prix par rapport aux kits ci dessus, incluant des outils suppl\u00e9mentaires.<\/p>\n<table>\n<tbody>\n<tr>\n<td><img alt=\"\" src=\"http:\/\/www.flying-rv7.com\/wp-content\/uploads\/2015\/03\/flying-rv7.com_compresseur.jpg\" \/><\/td>\n<td><b>Compresseur 100 L<\/b><br \/>\nIndispensable puisque tous les outils pour riveter, percer, \u00e9bavurer, peindre sont pneumatiques. 100 litres est un minimum, celui-ci a \u00e9t\u00e9 achet\u00e9 d&#8217;occasion.<\/td>\n<\/tr>\n<tr>\n<td><img alt=\"\" src=\"http:\/\/www.flying-rv7.com\/wp-content\/uploads\/2013\/12\/IMG_3778_.jpg\" \/><\/td>\n<td><b>Riveteuse pneumatique<\/b><br \/>\nSert \u00e0 riveter mais \u00e9galement \u00e0 dimpler sans se fatiguer. L&#8217;autre solution est d&#8217;utiliser une pince manuelle , ce qui va tr\u00e8s bien, mais attention, plusieurs constructeurs ont eu des tendinites au bout de quelques mois de construction. Pince manuelle recommand\u00e9e : cleavelandtools.<\/td>\n<\/tr>\n<tr>\n<td><img alt=\"\" src=\"http:\/\/www.flying-rv7.com\/wp-content\/uploads\/2015\/03\/flying-rv7.com_emboute_embrevement_rivetage.jpg\" \/><\/td>\n<td><b>Dimpling set<\/b><br \/>\nCes embouts s&#8217;ins\u00e8rent dans la riveteuse pneumatique ou manuelle : ils servent \u00e0 dimpler et riveter (pour ceux qui sont plats).\n<\/td>\n<\/tr>\n<tr>\n<td><img alt=\"\" src=\"http:\/\/www.flying-rv7.com\/wp-content\/uploads\/2013\/12\/IMG_3880_.jpg\" \/><\/td>\n<td><b>Pince \u00e0 canneler<\/b><br \/>\nSert \u00e0 redresser les bords des nervures en les cannelant.<\/td>\n<\/tr>\n<tr>\n<td><img alt=\"\" src=\"http:\/\/www.flying-rv7.com\/wp-content\/uploads\/2013\/12\/IMG_3879_.jpg\" \/><\/td>\n<td><b>Limes<\/b><br \/>\nIndispensables pour \u00e9bavurer les pi\u00e8ces, plusieurs tailles sont n\u00e9cessaires. J&#8217;utilise du papier de verre pour la finition des bords de toutes les pi\u00e8ces. Ceci pour \u00e9viter tout risque de crique avec les vibrations.<\/td>\n<\/tr>\n<tr>\n<td><img alt=\"\" src=\"http:\/\/www.flying-rv7.com\/wp-content\/uploads\/2013\/12\/IMG_3900.jpg\" \/><\/td>\n<td><b>Les pinces manuelles<\/b><br \/>\nQuelques pinces sont n\u00e9cessaires pour couper la t\u00f4les, la redresser, maintenir plusieurs toles ensemble.<\/td>\n<\/tr>\n<tr>\n<td><img alt=\"\" src=\"http:\/\/www.flying-rv7.com\/wp-content\/uploads\/2013\/12\/IMG_3892.jpg\" \/><\/td>\n<td><b>Etau<\/b><br \/>\nSi vous n&#8217;en avez pas, prenez du lourd, pivotant, \u00e7a sert toujours ! D&#8217;occasion \u00e9galement.<\/td>\n<\/tr>\n<tr>\n<td><img alt=\"\" src=\"http:\/\/www.flying-rv7.com\/wp-content\/uploads\/2013\/12\/IMG_3894.jpg\" \/><\/td>\n<td><b>Protections<\/b><br \/>\nAuditive (compresseur, rivet gun, &#8230;, indispensable !), des yeux, des mains, il manque le masque pour les poumons. Je ferai une rubrique sp\u00e9ciale quand je mettrai en primer les premi\u00e8res pi\u00e8ces.<\/td>\n<\/tr>\n<tr>\n<td><img alt=\"\" src=\"http:\/\/www.flying-rv7.com\/wp-content\/uploads\/2013\/12\/IMG_3895.jpg\" \/><\/td>\n<td><b>Cleco &amp; Co<\/b><br \/>\nPlusieurs centaines de cleco de petite tailles sont n\u00e9cessaires \u00e0 la construction. Ces aiguilles assemblent plusieurs toles en alu par un trou.<br \/>\nLes clamps pincent les pi\u00e8ces entre elles. Et mieux vaut ne pas y mettre le doigt !!<\/td>\n<\/tr>\n<tr>\n<td><img alt=\"\" src=\"http:\/\/www.flying-rv7.com\/wp-content\/uploads\/2013\/12\/IMG_3893.jpg\" \/><\/td>\n<td><b>Rapporteur<\/b><br \/>\nMesure des angles, sert d\u00e8s les premi\u00e8res heures de la construction.<\/td>\n<\/tr>\n<tr>\n<td><img alt=\"\" src=\"http:\/\/www.flying-rv7.com\/wp-content\/uploads\/2014\/04\/IMG_4596.jpg\" \/><\/td>\n<td><b>Pistolet \u00e0 riveter<\/b><br \/>\nPlusieurs puissances de ces pistolets sont disponibles, j&#8217;ai choisi un 3x, certains pr\u00e9f\u00e8rent le 2x moins puissant. Pour les gros rivets, le 3x est vraiment bien !<\/td>\n<\/tr>\n<tr>\n<td><img alt=\"\" src=\"http:\/\/www.flying-rv7.com\/wp-content\/uploads\/2014\/04\/IMG_4597.jpg\" \/><\/td>\n<td><b>Embouts \u00e0 riveter<\/b><br \/>\nCes embouts se fixent au bout du pistolet \u00e0 riveter.<\/td>\n<\/tr>\n<tr>\n<td><img alt=\"\" src=\"http:\/\/www.flying-rv7.com\/wp-content\/uploads\/2013\/12\/IMG_3897.jpg\" \/><\/td>\n<td><b>Bucking bars<\/b><br \/>\nCe sont des masses m\u00e9talliques de tailles et de formes diff\u00e9rentes. Appliquer sur la queue de rivet avec le rivet gun, cela l&#8217;\u00e9crase pour l&#8217;ajuster.<\/td>\n<\/tr>\n<tr>\n<td><img alt=\"\" src=\"http:\/\/www.flying-rv7.com\/wp-content\/uploads\/2015\/03\/flying-rv7.com_perceurse.jpg\" \/><\/td>\n<td><b>Perceuse pneumatique<\/b><br \/>\nOn voit tout de suite la diff\u00e9rence entre une perceuse \u00e9lectrique et pneumatique : la derni\u00e8re  tourne beaucoup plus vite que la premi\u00e8re (basique).<\/td>\n<\/tr>\n<tr>\n<td><img alt=\"\" src=\"http:\/\/www.flying-rv7.com\/wp-content\/uploads\/2015\/03\/flying-rv7.com_niveau.jpg\" \/><\/td>\n<td><b>Niveau num\u00e9rique<\/b><br \/>\nTr\u00e8s pratique !<\/td>\n<\/tr>\n<tr>\n<td><img alt=\"\" src=\"http:\/\/www.flying-rv7.com\/wp-content\/uploads\/2015\/03\/flying-rv7.com_miroir.jpg\" \/><\/td>\n<td><b>Miroir t\u00e9l\u00e9scopique<\/b><br \/>\nOutil \u00e0 Leds indispensable pour aller v\u00e9rifier les rivets et autres \u00e9l\u00e9ments lors de la construction. Bien penser \u00e0 mettre du scotch partout pour ne pas rayer l&#8217;aluminium.<\/td>\n<\/tr>\n<tr>\n<td><img alt=\"\" src=\"http:\/\/www.flying-rv7.com\/wp-content\/uploads\/2015\/03\/flying-rv7.com_meuleuse_pneumatique.jpg\" \/><\/td>\n<td><b>Meuleuse pneumatique<\/b><br \/>\nAvec les embouts sp\u00e9ciaux aluminium tr\u00e8s pratiques pour \u00e9bavurer les pi\u00e8ces \u00e9paisses.\n<\/td>\n<\/tr>\n<tr>\n<td><img alt=\"\" src=\"http:\/\/www.flying-rv7.com\/wp-content\/uploads\/2015\/03\/flying-rv7.com_meule.jpg\" \/><\/td>\n<td><b>Touret \u00e9lectrique<\/b><br \/>\nCertains l&#8217;utilise beaucoup pour \u00e9bavurer, je ne l&#8217;ai pas encore beaucoup utilis\u00e9 pour l\u2019empennage : je pr\u00e9f\u00e8re la meuleuse pneumatique et le papier de verre qui est plus ma\u00eetrisable mais le travail est plus long.\n<\/td>\n<\/tr>\n<tr>\n<td><img alt=\"\" src=\"http:\/\/www.flying-rv7.com\/wp-content\/uploads\/2015\/03\/flying-rv7.com_mano_filtre_peinture.jpg\" \/><\/td>\n<td><b>Filtre \u00e0 air\/manom\u00e8tre pour compresseur<\/b><br \/>\n Cet outil est indispensable pour r\u00e9gler le d\u00e9bit du pistolet \u00e0 peinture, pour r\u00e9gler la pression lors du rivetage en fonction des diff\u00e9rents rivets, pour huiler les outils, &#8230;\n<\/td>\n<\/tr>\n<tr>\n<td><img alt=\"\" src=\"http:\/\/www.flying-rv7.com\/wp-content\/uploads\/2015\/03\/flying-rv7.com_graveur.jpg\" \/><\/td>\n<td><b>Gaveur<\/b><br \/>\n Apr\u00e8s avoir limer la pointe, je l&#8217;utilise pour marquer les pi\u00e8ces avant peinture. Aucune crainte sur l&#8217;apparition de crique en utilisant ce appareil : il faut juste avoir la main l\u00e9g\u00e8re.\n<\/td>\n<\/tr>\n<tr>\n<td><img alt=\"\" src=\"http:\/\/www.flying-rv7.com\/wp-content\/uploads\/2015\/03\/flying-rv7.com_fer_souder.jpg\" \/><\/td>\n<td><b>Fer \u00e0 souder<\/b><br \/>\n Lorsque les pi\u00e8ces alu sortent des usines de VANS elles sont recouvertes d&#8217;une pellicule en plastique. Ce fer \u00e0 souder permet de retirer cette  pellicule le long des trous de rivets tout en prot\u00e9geant le reste de la pi\u00e8ce. Bon, certains trouvent \u00e7a compl\u00e8tement inutile.\n<\/td>\n<\/tr>\n<tr>\n<td><img alt=\"\" src=\"http:\/\/www.flying-rv7.com\/wp-content\/uploads\/2015\/03\/flying-rv7.com_embrever.jpg\" \/><\/td>\n<td><b><\/b><\/p>\n<\/td>\n<\/tr>\n<tr>\n<td><img alt=\"\" src=\"http:\/\/www.flying-rv7.com\/wp-content\/uploads\/2015\/03\/flying-rv7.com_cole_signe.jpg\" \/><\/td>\n<td><b>Col de signe<\/b><br \/>\nCet outil sert \u00e0 embr\u00e9ver la peaux de l&#8217;avion. Il peut \u00e9galement servir \u00e0 riveter.\n<\/td>\n<\/tr>\n<tr>\n<td><img alt=\"\" src=\"http:\/\/www.flying-rv7.com\/wp-content\/uploads\/2015\/03\/flying-rv7.com_back_riveting.jpg\" \/><\/td>\n<td><b>Plaque de rivetage arri\u00e8re<\/b><br \/>\nCette plaque en acier tr\u00e8s lourde permet de riveter en mettant la t\u00eate de rivet dessus puis en utilisant le pistolet \u00e0 riveter sur la queue de rivet. <\/td>\n<\/tr>\n<\/tbody>\n<\/table>\n<div class=\"addtoany_share_save_container\"><div class=\"a2a_kit a2a_target addtoany_list\" id=\"wpa2a_1\"><a class=\"a2a_button_facebook\" href=\"http:\/\/www.addtoany.com\/add_to\/facebook?linkurl=http%3A%2F%2Fwww.flying-rv7.com%2F%3Fpage_id%3D149&amp;linkname=Desciption%20des%20outils\" title=\"Facebook\" rel=\"nofollow\" target=\"_blank\"><img src=\"http:\/\/www.flying-rv7.com\/wp-content\/plugins\/add-to-any\/icons\/facebook.png\" width=\"16\" height=\"16\" alt=\"Facebook\"\/><\/a><a class=\"a2a_button_twitter\" href=\"http:\/\/www.addtoany.com\/add_to\/twitter?linkurl=http%3A%2F%2Fwww.flying-rv7.com%2F%3Fpage_id%3D149&amp;linkname=Desciption%20des%20outils\" title=\"Twitter\" rel=\"nofollow\" target=\"_blank\"><img src=\"http:\/\/www.flying-rv7.com\/wp-content\/plugins\/add-to-any\/icons\/twitter.png\" width=\"16\" height=\"16\" alt=\"Twitter\"\/><\/a><a class=\"a2a_button_google_plus\" href=\"http:\/\/www.addtoany.com\/add_to\/google_plus?linkurl=http%3A%2F%2Fwww.flying-rv7.com%2F%3Fpage_id%3D149&amp;linkname=Desciption%20des%20outils\" title=\"Google+\" rel=\"nofollow\" target=\"_blank\"><img src=\"http:\/\/www.flying-rv7.com\/wp-content\/plugins\/add-to-any\/icons\/google_plus.png\" width=\"16\" height=\"16\" alt=\"Google+\"\/><\/a><a class=\"a2a_dd addtoany_share_save\" href=\"http:\/\/www.addtoany.com\/share_save\" style=\"background:url(http:\/\/www.flying-rv7.com\/wp-content\/plugins\/add-to-any\/favicon.png) no-repeat scroll 4px 0px !important;padding:0 0 0 25px;display:inline-block;height:16px;vertical-align:middle\">Share<\/a>\n<script type=\"text\/javascript\"><!--\nwpa2a.script_load();\n\/\/--><\/script>\n<\/div><\/div>","protected":false},"excerpt":{"rendered":"<p>Plusieurs fournisseurs aux Etats-Unis proposent des Kits d&#8217;outils (Cleaveland, Avery, Spurce, &#8230;). Pour ma part, j&#8217;ai achet\u00e9 tous les outils \u00e0 un particulier am\u00e9ricain qui a revendu son VANS RV-7. <p><a href=\"http:\/\/www.flying-rv7.com\/?page_id=149\"><div class=\"readon\">Read more<\/div><\/a><\/p><\/p>\n","protected":false},"author":2,"featured_media":0,"parent":0,"menu_order":0,"comment_status":"open","ping_status":"closed","template":"","meta":[],"_links":{"self":[{"href":"http:\/\/www.flying-rv7.com\/index.php?rest_route=\/wp\/v2\/pages\/149"}],"collection":[{"href":"http:\/\/www.flying-rv7.com\/index.php?rest_route=\/wp\/v2\/pages"}],"about":[{"href":"http:\/\/www.flying-rv7.com\/index.php?rest_route=\/wp\/v2\/types\/page"}],"author":[{"embeddable":true,"href":"http:\/\/www.flying-rv7.com\/index.php?rest_route=\/wp\/v2\/users\/2"}],"replies":[{"embeddable":true,"href":"http:\/\/www.flying-rv7.com\/index.php?rest_route=%2Fwp%2Fv2%2Fcomments&post=149"}],"version-history":[{"count":54,"href":"http:\/\/www.flying-rv7.com\/index.php?rest_route=\/wp\/v2\/pages\/149\/revisions"}],"predecessor-version":[{"id":1247,"href":"http:\/\/www.flying-rv7.com\/index.php?rest_route=\/wp\/v2\/pages\/149\/revisions\/1247"}],"wp:attachment":[{"href":"http:\/\/www.flying-rv7.com\/index.php?rest_route=%2Fwp%2Fv2%2Fmedia&parent=149"}],"curies":[{"name":"wp","href":"https:\/\/api.w.org\/{rel}","templated":true}]}}