{"id":219,"date":"2013-12-08T21:47:51","date_gmt":"2013-12-08T21:47:51","guid":{"rendered":"http:\/\/thomasdewildeperso.free.fr\/?page_id=217"},"modified":"2019-01-06T09:52:38","modified_gmt":"2019-01-06T09:52:38","slug":"conseils-pour-commander-aux-us","status":"publish","type":"page","link":"http:\/\/www.flying-rv7.com\/?page_id=219","title":{"rendered":"RETEX sur les commandes aux US"},"content":{"rendered":"<p>Toutes les pi\u00e8ces du VANS RV-7 proviennent de USA.<br \/>\nQui dit exp\u00e9ditions vers la France dit :<br \/>\n<ul class=\"bullet-3\"><br \/>\n\t<li>Frais d&#8217;exp\u00e9dition,<\/li><br \/>\n\t<li>TVA,<\/li><br \/>\n\t<li>Frais de douanes.<\/li><br \/>\n<\/ul><br \/>\nSur les frais d&#8217;exp\u00e9ditions, mieux vaut passer par USPS, moins cher qu&#8217;UPS ou FEDEX mais plus long.<\/p>\n<p>Pour r\u00e9duire la TVA, pas trop de solution, juste une :<br \/>\nFaire des commandes ne d\u00e9passant pas 100 dollars, frais d&#8217;exp\u00e9ditions compris, en valeur d\u00e9clar\u00e9e. Les douaniers laissent passer ces colis sans appliquer la TVA.<br \/>\nTVA = 20 % en France.<\/p>\n<p>Concernant les frais de douane (2,5%), sur l&#8217;empennage, cela repr\u00e9sente 40\u20ac, il est possible d&#8217;en demander l&#8217;exemption puisque les pi\u00e8ces a\u00e9ronautiques civiles de moins de 2 tonnes peuvent \u00eatre exempt\u00e9es de frais de douanes si l&#8217;acheteur en fait la demande.<\/p>\n<p>Proc\u00e9dure de demande d&#8217;exemption de frais de douanes que j&#8217;ai appliqu\u00e9e :<br \/>\n<ul class=\"bullet-3\"><br \/>\n\t<li>Compl\u00e9ter la demande de destination particuli\u00e8re \u00e0 se procurer aupr\u00e8s du bureau des douanes le plus proche de chez vous,<\/li><br \/>\n\t<li>Envoyer la demande par mail en brouillon afin d&#8217;affiner le document avec le douanier en charge du dossier puis envoyer la demande officielle par courrier,<\/li><br \/>\n\t<li>Attendre l&#8217;autorisation de destination particuli\u00e8re,<\/li><br \/>\n\t<li>Contacter FEDEX afin qu&#8217;ils ins\u00e8rent ce document \u00e0 votre compte FEDEX pour automatiser le traitement.<\/li><br \/>\n<\/ul><\/p>\n<p>Attention<br \/>\n<br \/>\nSi vous passez par un transporteur comme FEDEX ou UPS tout va bien. Par contre si vous faites appel \u00e0 un transitaire, le transporteur vous facturera le frais de dossier pour le transitaire (40 \u20ac chez FEDEX par exemple) et le transitaire vous facturera sa prestation de transit (% de la valeur du bien transport\u00e9).<br \/>\n<br \/>\nPour ma part, je n&#8217;avais pas mis Roissy comme bureau de placement. Je n&#8217;ai mis que Lille. Du coup, FEDEX n&#8217;a pas pu faire jouer l&#8217;autorisation de destination particuli\u00e8re lors du d\u00e9douanement.<br \/>\n<br \/>\n=&gt; <strong>RETEX pour la commande du prochain kit.<\/strong><\/p>\n<p><strong>A savoir<\/strong><br \/>\n<br \/>\nUne autorisation de destination particuli\u00e8re est valable 3 ans durant lesquels elle peut \u00eatre mise \u00e0 jour plusieurs fois. Il appartient ensuite au bureau des douanes locales de renouveler ou non cette autorisation.<\/p>\n<div class=\"addtoany_share_save_container\"><div class=\"a2a_kit a2a_target addtoany_list\" id=\"wpa2a_1\"><a class=\"a2a_button_facebook\" href=\"http:\/\/www.addtoany.com\/add_to\/facebook?linkurl=http%3A%2F%2Fwww.flying-rv7.com%2F%3Fpage_id%3D219&amp;linkname=RETEX%20sur%20les%20commandes%20aux%20US\" title=\"Facebook\" rel=\"nofollow\" target=\"_blank\"><img src=\"http:\/\/www.flying-rv7.com\/wp-content\/plugins\/add-to-any\/icons\/facebook.png\" width=\"16\" height=\"16\" alt=\"Facebook\"\/><\/a><a class=\"a2a_button_twitter\" href=\"http:\/\/www.addtoany.com\/add_to\/twitter?linkurl=http%3A%2F%2Fwww.flying-rv7.com%2F%3Fpage_id%3D219&amp;linkname=RETEX%20sur%20les%20commandes%20aux%20US\" title=\"Twitter\" rel=\"nofollow\" target=\"_blank\"><img src=\"http:\/\/www.flying-rv7.com\/wp-content\/plugins\/add-to-any\/icons\/twitter.png\" width=\"16\" height=\"16\" alt=\"Twitter\"\/><\/a><a class=\"a2a_button_google_plus\" href=\"http:\/\/www.addtoany.com\/add_to\/google_plus?linkurl=http%3A%2F%2Fwww.flying-rv7.com%2F%3Fpage_id%3D219&amp;linkname=RETEX%20sur%20les%20commandes%20aux%20US\" title=\"Google+\" rel=\"nofollow\" target=\"_blank\"><img src=\"http:\/\/www.flying-rv7.com\/wp-content\/plugins\/add-to-any\/icons\/google_plus.png\" width=\"16\" height=\"16\" alt=\"Google+\"\/><\/a><a class=\"a2a_dd addtoany_share_save\" href=\"http:\/\/www.addtoany.com\/share_save\" style=\"background:url(http:\/\/www.flying-rv7.com\/wp-content\/plugins\/add-to-any\/favicon.png) no-repeat scroll 4px 0px !important;padding:0 0 0 25px;display:inline-block;height:16px;vertical-align:middle\">Share<\/a>\n<script type=\"text\/javascript\"><!--\nwpa2a.script_load();\n\/\/--><\/script>\n<\/div><\/div>","protected":false},"excerpt":{"rendered":"<p>Toutes les pi\u00e8ces du VANS RV-7 proviennent de USA. Qui dit exp\u00e9ditions vers la France dit : Sur les frais d&#8217;exp\u00e9ditions, mieux vaut passer par USPS, moins cher qu&#8217;UPS ou <p><a href=\"http:\/\/www.flying-rv7.com\/?page_id=219\"><div class=\"readon\">Read more<\/div><\/a><\/p><\/p>\n","protected":false},"author":2,"featured_media":0,"parent":0,"menu_order":0,"comment_status":"open","ping_status":"closed","template":"","meta":[],"_links":{"self":[{"href":"http:\/\/www.flying-rv7.com\/index.php?rest_route=\/wp\/v2\/pages\/219"}],"collection":[{"href":"http:\/\/www.flying-rv7.com\/index.php?rest_route=\/wp\/v2\/pages"}],"about":[{"href":"http:\/\/www.flying-rv7.com\/index.php?rest_route=\/wp\/v2\/types\/page"}],"author":[{"embeddable":true,"href":"http:\/\/www.flying-rv7.com\/index.php?rest_route=\/wp\/v2\/users\/2"}],"replies":[{"embeddable":true,"href":"http:\/\/www.flying-rv7.com\/index.php?rest_route=%2Fwp%2Fv2%2Fcomments&post=219"}],"version-history":[{"count":14,"href":"http:\/\/www.flying-rv7.com\/index.php?rest_route=\/wp\/v2\/pages\/219\/revisions"}],"predecessor-version":[{"id":3180,"href":"http:\/\/www.flying-rv7.com\/index.php?rest_route=\/wp\/v2\/pages\/219\/revisions\/3180"}],"wp:attachment":[{"href":"http:\/\/www.flying-rv7.com\/index.php?rest_route=%2Fwp%2Fv2%2Fmedia&parent=219"}],"curies":[{"name":"wp","href":"https:\/\/api.w.org\/{rel}","templated":true}]}}